it of s?
4
Suppose 3*l = j - 59, 138 = 2*j - 4*l + 28. What is the units digit of j?
7
Let h be (-4)/14*(-8 + 1). Suppose 83 = h*b - 5. Let i = -26 + b. What is the tens digit of i?
1
Let v(u) = 2*u**3 + 5*u**2 + 3*u - 2. Let j(s) = -3*s**3 - 7*s**2 - 4*s + 3. Let t(i) = 5*j(i) + 8*v(i). Let k = 3 - 6. What is the units digit of t(k)?
5
Let u = -25 + 23. What is the units digit of 159/6 + u/4?
6
Suppose 0 = 5*i - 2 - 13. What is the tens digit of i/9 + (-88)/(-6)?
1
Let y(t) be the second derivative of -t**5/20 + t**4/2 - t**3/6 + t**2/2 - 4*t. What is the units digit of y(5)?
1
Suppose 0 = -5*b + 164 + 16. Suppose 5*g = 0, -3*z - 4*g + b = -5*g. What is the units digit of z?
2
Let i = 8 - 4. Let g be ((-450)/(-24))/(1/i). Suppose 5*h = -0*h - 4*b + g, 0 = 3*b - 15. What is the units digit of h?
1
Suppose -c + 2*c - 4*r = 108, -r = -4*c + 477. What is the tens digit of c?
2
Let m = 48 + -6. What is the tens digit of m?
4
Suppose -3 = 3*c - 63. Suppose 0 = 4*n - c - 68. What is the units digit of n?
2
Let w(q) = q**2 + 6*q + 8. Let p be w(-7). Suppose 0 = r - 3*t - p, 2*r - 5*t - 29 = -0*t. What is the tens digit of r?
1
Let n(l) = l**2 - 7*l - 13. Let j be n(9). Suppose 3*o - d = 28, j*o + 2*d - 60 = d. What is the tens digit of o?
1
Suppose -2*u - 4*x = -0*x - 88, 32 = u - 4*x. What is the tens digit of u?
4
Let d(f) = 6*f - 12. Let q(m) = -m**3 - 7*m**2 - 8*m - 7. Let v be q(-6). What is the tens digit of d(v)?
1
Let x = -1 - -7. Let p = 18 - x. What is the units digit of p?
2
Let g(w) = -w**2 + 13*w - 17. What is the units digit of g(11)?
5
What is the hundreds digit of (27/12)/(9/1560)?
3
Let c(b) be the third derivative of -7*b**5/60 - b**4/6 - b**3/3 - b**2. Let v be c(-2). What is the units digit of (-1)/(1/v*2)?
1
Suppose 0*k = -3*k - 9. What is the units digit of k/(-2) - 1/(-2)?
2
Suppose 0*i - 4 = -2*i. Suppose 3*d - 11 = -i*y, -1 + 5 = 4*y. What is the units digit of d?
3
Let g = 6 - -29. What is the units digit of g?
5
What is the tens digit of (-2)/(-12) + (-790)/(-12)?
6
Let d be 9/(-27) - 4/(-3). Suppose -3*x - d = -2*x + r, -x + 7 = -r. What is the units digit of x?
3
Suppose -163 - 395 = -2*n - g, 4*n + 4*g - 1124 = 0. What is the hundreds digit of n?
2
Let d = -41 + 141. What is the tens digit of d?
0
Let t be 3*(4/3 - 1). Let g = t + 32. What is the tens digit of g?
3
Let h(y) = -1 + 2*y - y**3 - 4*y**2 + 3*y**2 + 4*y**2 - 5*y**2. Let u be h(-3). Suppose -11 = 2*m + 3*g, m - 7*g + u*g = 27. What is the units digit of m?
2
Suppose 2*d + d = 12. Suppose 2*t + d*k - 9 = -3, -37 = 5*t - 3*k. Let q = 0 - t. What is the units digit of q?
5
Suppose 5*u = 7 + 3. Suppose -5*g + 82 = u*r, 5*g + 17 = -r + 103. Suppose n + n = g. What is the units digit of n?
9
Let n = -89 - -123. What is the units digit of n?
4
Let g be (6/(-4))/(-3)*2. What is the units digit of g/4 + 3/4?
1
Suppose -6*q + 444 = -54. What is the tens digit of q?
8
What is the units digit of -4*1*3/(-4)?
3
Let a = 212 - 115. What is the tens digit of a?
9
Let i = 87 + -69. What is the units digit of i?
8
Suppose 3*c + 54 + 3 = 0. Let a = c + 38. What is the tens digit of a?
1
Suppose 2*o + 0 - 8 = 0. Suppose 6*r - o*r = 6. What is the units digit of r?
3
Suppose -6*f - z = -4*f - 51, 0 = f - 4*z - 39. What is the units digit of f?
7
Let w = -61 + 99. What is the tens digit of w?
3
What is the hundreds digit of (-5 - -7)*3*21?
1
Let q(k) = k**2 - 5*k + 3. Let u be q(5). Let b(h) = h**3 - 3*h**2 + 5*h - 2. What is the units digit of b(u)?
3
Let h(c) = -c**3 + c**2 - c + 173. What is the hundreds digit of h(0)?
1
What is the units digit of (-14)/28*(-2 - 0)?
1
Let t = 253 + -140. What is the tens digit of t?
1
Let l be (-1)/3 + 7/3. Suppose -3 = -3*b - 4*p + 2, 5*b = 5*p - 15. Let k = l + b. What is the units digit of k?
1
Let l(r) = -r + 7. Let c be l(5). Suppose 0 = 2*h - h - c. Suppose z - 5*f - 8 = 0, -1 = -2*z - h*f + 3. What is the units digit of z?
3
Suppose n - 27 = -6. What is the tens digit of n?
2
Suppose -3*b + 175 = 5*q + 2*b, 4*q = -2*b + 150. What is the tens digit of q?
4
Let p(m) = m**2 + 4*m - 39. What is the units digit of p(19)?
8
Let r be -1*(0/1 + 0). Suppose r = 2*q - 3 - 27. What is the tens digit of q?
1
Suppose o = 3*b + 86, -3*o + 2*b + 48 = -196. What is the tens digit of o?
8
Suppose -a + 289 = -3*p, 1063 + 334 = 5*a - 3*p. What is the hundreds digit of a?
2
Let a = -12 + 16. What is the tens digit of 67/a - 2/(-8)?
1
Let n(g) = -g - 2. Let d be n(-4). Suppose -5 = j + 2*t - d, 0 = -t - 3. What is the tens digit of (-11 - j)/(-3 - -2)?
1
Let y(u) = -u. Let c be y(0). Let b = c - 1. What is the units digit of (4/(-10))/(b/15)?
6
Suppose 74 = 4*t - 5*a, -t + 3*a - 74 = -6*t. What is the units digit of t?
6
Let d = 1 + 0. What is the units digit of d?
1
Suppose -68 = -6*s - 2. What is the units digit of s?
1
Suppose 0 = 3*v - 1 - 56. What is the tens digit of v?
1
Suppose 3*s - 189 + 48 = 0. What is the tens digit of s?
4
Let y = 1 + 24. What is the tens digit of y?
2
Let p = -13 + 22. Let n = 15 - p. What is the units digit of n?
6
Let w = 31 + -21. Let i = w - 0. What is the units digit of i?
0
Suppose -178 + 558 = 5*u. What is the tens digit of u?
7
Let c = -3 + 7. Suppose -z = -1 - c. Suppose z*h - 2*h - 24 = 0. What is the units digit of h?
8
Let m be 2/(-8) + (-27)/(-12). Suppose -4*z + m*f = -0*f + 28, 3*z + 34 = -5*f. What is the units digit of 27/4 - 2/z?
7
Suppose 6*h - 616 = 980. What is the tens digit of h?
6
Suppose 0 = 5*q - 2*v - 625, 4*v - 472 = -2*q - 2*q. What is the hundreds digit of q?
1
Let g = 207 - 98. Suppose -g = -5*m + 41. What is the units digit of m?
0
Suppose j + 0*j - 3 = 0. Let k(t) = -t**3 + 4*t**2 - 2. What is the units digit of k(j)?
7
Let n(t) = t**2 + 5*t - 2. Let z be (-37)/7 + 6/21. Let l be n(z). What is the units digit of -3 - l/(6/51)?
4
Suppose -6*w + 4*w - 122 = -4*r, -r = 2*w - 28. What is the tens digit of r?
3
Let o(y) = 5*y - 1. Let m(d) be the third derivative of 7*d**4/12 - d**3/2 + 2*d**2. Let g(h) = -4*m(h) + 11*o(h). What is the units digit of g(-4)?
5
Suppose 0 = -q + x + 2, q - 2*x = 1. Suppose 3*r + 0*r = 2*w + 15, 5*r - q*w = 25. What is the units digit of r?
5
Let m(z) = -z**3 + 7*z**2 + 2*z - 6. What is the units digit of m(7)?
8
Let c(d) = -23*d**3 + 2*d**2 - d. Let t be c(1). Let a = 34 - t. Suppose 0 = -5*j + a - 16. What is the units digit of j?
8
Let a(b) be the first derivative of b**4/2 - b**3/3 + b - 4. What is the units digit of a(1)?
2
Let x(c) = c**3 - 7*c**2 + c - 5. Let o(f) = 7*f**2 + f + 1. Let v be o(-1). What is the units digit of x(v)?
2
Let w = -564 + 965. What is the units digit of w?
1
Let o be 23/(-7) + (-4)/(-14). Let a = o - 6. What is the units digit of (-1 + -2)/(a/6)?
2
Let w(a) = -a + 2. Let f be w(-2). Suppose -y + f = 2. What is the units digit of y?
2
Suppose -f - 33 = -5*h + f, 2*f - 17 = -5*h. Suppose -52 = -h*y + 8. What is the tens digit of y?
1
Let u be (-1)/(-5) - (-2324)/(-70). Let q = u - -52. What is the units digit of q?
9
Let g(i) = -i**3 + i**2 - 1. Let s(w) = 7*w**3 - 12*w**2 - 4*w + 1. Let v(l) = 6*g(l) + s(l). What is the units digit of v(7)?
6
Let n be 24/(-6) + 14 + 1. Let o be -2 + 5 + 2/1. Suppose -o = -2*d + n. What is the units digit of d?
8
Suppose 83 = 4*m + 5*n, -2*m = -0*m - 5*n - 49. What is the tens digit of m?
2
Let q be (-85)/(-25) + (-4)/10. Suppose -3*m = z - 28 - 4, -q*z + 15 = 0. What is the units digit of m?
9
Let p(z) = 11*z**2 + 60*z + 7. What is the units digit of p(-6)?
3
Suppose 5*f = -5*w - 290, 0*f = 4*w - 2*f + 208. Let z = w + 75. What is the tens digit of z?
2
What is the tens digit of 354/14 + (-6)/21?
2
Suppose 3*t - 9 = 0, 5*i + 2*t = -0*t + 6. Let r be 1*-5 + i/(-1). Let v = 2 - r. What is the units digit of v?
7
Suppose 0 = 4*l + 5 - 81. Suppose 2*u - l - 15 = 0. What is the tens digit of u?
1
Let i = -21 - -42. What is the tens digit of i?
2
Suppose -3*n - 2*v = -65 - 34, 4*n - 121 = v. What is the tens digit of n?
3
Let g(t) = -t**3 + 5*t**2 - 2*t + 2. Suppose 4*m + 3*v = 14 + 9, 3*m = 3*v - 9. What is the tens digit of g(m)?
1
What is the tens digit of (-6)/4*((-2040)/18)/1?
7
Let o = -58 - -88. What is the tens digit of o?
3
Suppose 16 = 3*m - 8. Suppose -7*x = -m*x + 2. What is the units digit of x?
